 1. Calculate g(o).
14
Let x(l) be the second derivative of -1/12*l**4 + 1/6*l**3 + 0 + 26*l - 29/2*l**2. Let t(k) be the first derivative of x(k). Calculate t(4).
-7
Suppose -s + 4*k + 17 = 0, 2*s - 20 = 2*k - 4. Let w(c) = -c**3 + 7*c**2 - 5*c + 17. Calculate w(s).
42
Let j(c) = -9*c + 6. Suppose -72*w - 171 = 99*w. Give j(w).
15
Let s(b) = 3*b**3 - 14*b**2 - 40*b - 9. Let y(m) = 10*m**3 - 42*m**2 - 131*m - 28. Let w(i) = -7*s(i) + 2*y(i). What is w(15)?
52
Let l be 10/(-4) - (-108)/24. Suppose 5 = r + l*y, -4*r = -r + 5*y - 15. Let d(n) = -n**3 + 0 - 5*n + 2*n**3 + 1 - 4*n**2. What is d(r)?
1
Let v = 147 - 144. Let p(u) = 27 - 7 - v*u - 3 - 10 - 2. Determine p(5).
-10
Let u be 1/(-1) + (-40 - -43). Let p(a) = 4 + 4*a + 6*a**2 + 8*a**2 - 16*a**2 + 5*a**u. Give p(-3).
19
Suppose 101*x + 6 = -3*w + 103*x, -x + 6 = -2*w. Let z(k) = 3*k - 30. What is z(w)?
-48
Suppose 2*h = i + 2, -5*h + 12 = -2*h. Suppose 76*o - 74*o = -i. Let t(w) = w**3 + 2*w**2 - w + 3. Give t(o).
-3
Suppose -19*n + 110 = -289. Let r(l) = 16*l + n + 0*l + 0*l - 9*l - 6*l. Calculate r(-19).
2
Let s(j) = 26*j**3 + 10*j**2 + 10*j - 4. Let i(f) = 9*f**3 + 3*f**2 + 3*f - 1. Let h(w) = 7*i(w) - 2*s(w). Let b = 712 - 713. Give h(b).
-10
Suppose 0 = 15*g - 9*g - 48. Let q(k) be the third derivative of 1/24*k**4 - 5/6*k**3 + 0*k + 0 + 8*k**2. What is q(g)?
3
Suppose 2*j = -4*g + 14, -j + 3*j - 8 = -g. Suppose -3*n + j*o - 9 = 0, -4*n - 5*o + 10 + 14 = 0. Let w(u) = 15*u**2 + u. Give w(n).
16
Let x be (22/2)/(-1) - (37 - 1406/38). Let m(k) = 11*k - 16. Determine m(x).
-137
Suppose -10 = -3*o + 11. Let n = 150 + -151. Let s(u) = 6*u**2 - 8*u - 2. Let d(y) = y**2 - 1. Let v(g) = n*s(g) + 5*d(g). Determine v(o).
4
Suppose -15*r + 4 = -13*r. Suppose -7*b = -r*b - 5*x - 50, 2*x - 10 = -4*b. Let a(u) = -8*u**2 - 3 + 11*u**2 - 4*u**2 - b*u. Give a(-6).
-9
Let p(s) be the first derivative of -s**3/3 - 4*s**2 + 19*s + 1017. Determine p(-9).
10
Suppose 2592 = 4*c + 4*s - 6*s, -4*s = 3*c - 1966. Suppose 698 = 6*n + c. Let a(o) = o**3 - 9*o**2 + 7*o + 2. Determine a(n).
-6
Let t(o) be the second derivative of -1/6*o**3 + 1/2*o**2 + o - 18 - 1/4*o**4. Calculate t(-2).
-9
Let b be (-59)/118 - 175/2. Let t be b/(-10) + 16/(-20). Let o(n) = 3*n - 4. What is o(t)?
20
Suppose 485 = -9*i - 19. Let v = -55 - i. Let r be (-28 + 29)/(v/2). Let o(y) = -y**3 - y**2 - 4*y + 3. What is o(r)?
-17
Let w(k) = -k**3 - 2*k + 3. Let f(r) = -r**3 - r**2 - 2*r + 5. Let l(z) = 3*f(z) - 5*w(z). Calculate l(3).
39
Let k(q) = q**3 + 32*q**2 + 19*q - 113. Let v(a) = 2*a**3 + 63*a**2 + 40*a - 227. Let n(x) = -5*k(x) + 3*v(x). Calculate n(-28).
-32
Suppose -4 = -5*l + 6. Let s(z) = -4*z + 2 - 6*z + 12*z - 123*z**2 + 120*z**2. What is s(l)?
-6
Let a(r) be the second derivative of -r**5/20 - r**4/4 + r**3/3 - 2*r**2 - 7400*r. Determine a(-4).
4
Let n(y) = -y**2 + 2*y + 3. Let z(m) = -2*m**3 - 30*m**2 - 26*m + 28. Suppose 15*k - 18*k = 42. Let l be z(k). Give n(l).
3
Let r(z) = -8*z**3 - 15*z - 10*z**2 + 21 + 5*z**3 - 3*z**3 + 2*z**3 + 6*z**3. Calculate r(6).
3
Suppose 5*c = a - 0 + 4, -5*c + 2*a = -8. Let y(p) = p**2 - 2*p**2 + 4 + 9 + 3. Calculate y(c).
16
Let t(i) = -4*i**3 + 2*i**2 - 4*i + 13. Let b(o) = -o**3 - o**2 + o - 3. Let x(d) = -4*b(d) - t(d). Determine x(-1).
-7
Suppose 3*p - 3*w = 0, -p = -7*w + 3*w - 12. Let z(g) be the second derivative of -5/12*g**4 - 1/20*g**5 - 93*g + 1/3*g**3 + 2 + 1/2*g**2. Give z(p).
-23
Let t(q) be the third derivative of q**6/60 + q**5/15 + q**4/12 - q**3/3 - 102*q**2 - q. Let k be 0 + -1 + 2 + -3. What is t(k)?
-6
Let b(s) be the second derivative of -s**7/2520 + s**6/144 + s**5/30 + 5*s**4/6 - 3*s**2/2 + 16*s + 3. Let n(t) be the third derivative of b(t). Calculate n(6).
-2
Let o(w) = w**3 - 3*w + 1. Let l be o(-2). Let i(v) be the first derivative of -9*v**2 - v - 35. What is i(l)?
17
Let i(v) be the first derivative of -15*v**2 - 100*v + 4363. Give i(-4).
20
Let o(b) = 8*b**2 + 10*b + 77. Let l(u) = 21*u**2 + 29*u + 229. Let s(c) = 3*l(c) - 8*o(c). Let d be s(-5). Let h(f) = -f**3 + 11*f**2 + 5. Calculate h(d).
5
Let y be (0 - 1)/(12/(-24)). Let t(g) = 3*g + y*g - 5*g - g. Calculate t(0).
0
Let p(g) = -g - 1. Let z(r) = 4*r + 2. Suppose -6 - 44 = 10*v. Let l be z(v). Let y be 50/l + 4/(-18) - -3. What is p(y)?
-1
Let v(i) = -19*i**2 + 12*i + 37. Let y(x) = -6*x**2 - x. Let f(n) = -v(n) + 3*y(n). Calculate f(17).
-3
Let h(p) = 4*p**2 - 38*p + 1. Let g(t) = -11*t**2 + 108*t - 3. Let a(f) = -6*g(f) - 17*h(f). Suppose -5*i - 6 + 156 = 0. Let b be 12/i + 12/(-5). Give a(b).
-3
Let q(n) be the first derivative of -n**4/4 - 7*n**3/3 - 7*n**2/2 + 11*n - 2796. Determine q(-5).
-4
Suppose 14 + 7 = -3*v. Let a(s) be the first derivative of -s**5/60 - 3*s**4/8 - 5*s**3/3 - 4*s**2 - 11. Let c(g) be the second derivative of a(g). Give c(v).
4
Let l be 120/(-100)*(50/(-6) - 0). Let a(f) = f**3 - 11*f**2 + 11*f - 19. Give a(l).
-9
Suppose 104 + 484 = 2*t. Let x = t + -292. Let y(m) = -4*m**2 - m + 4. Let c(p) = -9*p**2 - p + 9. Let d(r) = -2*c(r) + 5*y(r). Determine d(x).
-12
Let x(l) = l**2 + 3*l + 3. Suppose -3*w + 5*w + 5*i - 122 = 0, 0 = -3*w + 3*i + 141. Suppose h - w = -48. What is x(h)?
21
Let c(n) be the first derivative of n**2/2 - 2*n + 1684. Let f(v) = -3 + 4*v - v - v. Let r(o) = 6*c(o) - 4*f(o). Give r(3).
-6
Suppose 0 = 2*w - 7 + 3, -2*w + 4 = 5*q. Let j(v) be the second derivative of v**4/12 - v**3/6 - 19*v**2/2 - 31*v - 47. What is j(q)?
-19
Suppose -13*l + 3*l - 30 = 0. Let j be 1 - l - (-6)/(-3). Let g(r) = -r**3 - 17*r**2 - j*r + 7*r + 10 + 4*r + 11*r**2. Determine g(-7).
-4
Let z(c) be the second derivative of -c**5/60 - c**4/24 - 4*c**2 - 9*c. Let s(v) be the first derivative of z(v). Suppose 46 = 3*y + 40. Determine s(y).
-6
Let l = -4 + 7. Let i(w) = -25*w - 1 - 5 + 45*w - 31*w + 3. Give i(l).
-36
Let n(t) = t**2 + 6*t + 5. Let y = -372 - -365. What is n(y)?
12
Let d(f) = -2*f**2 - 6*f - 9. Suppose 4*t + 21 = -5*p, -36*p + 5*t = -35*p + 10. Calculate d(p).
-29
Let o(l) = -l**2 + 1. Let r(j) = -4*j**2 + 8*j - 6. Suppose 0 = 4*z - 3 + 7. Let f(h) = z*r(h) + 3*o(h). Let k be (-180)/(32 - 62) + 2. Give f(k).
9
Let l(x) = 45*x + 901. Let m be l(-20). Let g(s) = 2*s**2 + 5*s - 3. Calculate g(m).
4
Let r(z) = -z**2 - 2*z + 11. Let l(t) = t**2 + 2*t - 12. Let i(n) = -6*l(n) - 7*r(n). Let b(c) = 2*c**3 + 5*c**2 - 381*c - 1134. Let q be b(-3). Calculate i(q).
-5
Let d(f) = f**3 - 11*f**2 - 10. Let t(p) = p**3 + 10*p**2 + 9*p - 10. Let w be -2*44/8 - -2. Let r be t(w). Let h = r + 21. What is d(h)?
-10
Let s(n) be the second derivative of -n**4/12 + n**3/6 + n**2/2 + 2*n. Let k be 1088/34*(-20 + 0 + -2). Let c = k + 705. Calculate s(c).
1
Suppose 3*h + 2296*y - 2294*y - 78 = 0, 4*h + 4*y = 108. Let o(l) = l - 56. Calculate o(h).
-32
Let y(v) be the third derivative of v**5/60 - 5*v**4/8 - v**3/6 - 13*v**2. Let d = 10757 - 10743. Determine y(d).
-15
Let o(b) be the first derivative of 29*b**2/2 - 1. Suppose 41 = 62*v + 34*v + 137. Determine o(v).
-29
Let t(b) = -3*b + 11. Let g be 2/3 + (-2)/3. Suppose -120 = -15*l - g*l. What is t(l)?
-13
Let m(g) be the second derivative of -g**5/60 - g**4/8 - 128*g**2 + 80*g. Let k(p) be the first derivative of m(p). Determine k(-2).
2
Let s(d) = -3*d + 5. Suppose -75*r = 90*r + 1053 + 432. Give s(r).
32
Let f(o) = 2 + 38 + 9 - 3 + 2288*o - 2291*o. Determine f(7).
25
Let f(m) = -30*m - 23. Let u be f(-1). Let y(r) = r - 12. Let a be y(14). Let i(h) = 3*h**3 + 8*h**a - 5*h**3 + 7*h + h**3 - 4 - 11*h. What is i(u)?
17
Let j(s) = 5*s**3 + 32*s**2 - 45*s + 12. Let x(k) = k**3 + 8*k**2 - 11*k + 3. Suppose 4*y = -74 - 330. Let l = y - -92. Let p(q) = l*x(q) + 2*j(q). Give p(7).
11
Let r(y) be the first derivative of -1/24*y**4 - 1/40*y**5 + 0*y + 1/360*y**6 + 0*y**2 - 15 + 4*y**3. Let i(h) be the third derivative of r(h). Give i(3).
-1
Let d(m) be the third derivative of -m**6/360 - m**5/15 + m**4/4 - 89*m**3/6 + 235*m**2. Let n(v) be the first derivative of d(v). Calculate n(-9).
-3
Suppose 39 = -6*h + 45. Let i be (-1 + 1 - 4)/((-1)/h). Let g(j) = j**3 - 3*j**2 - 4*j + 2. What is g(i)?
2
Let o(c) = c**3 - 3*c**2 + c - 1. Let j(a) = a**2 + 13*a - 11. Let p be j(-14). Let m(b) = -7*b**2 - p + 10*b - 3*b + 0*b + b**3. Let s be m(6). Determine o(s).
2
Le